ded by 40665?
414
Calculate the remainder when 4923072 is divided by 27.
0
What is the remainder when 145250 is divided by 36188?
498
Calculate the remainder when 6821954 is divided by 3154.
3006
What is the remainder when 1449464 is divided by 724725?
14
Calculate the remainder when 1593126 is divided by 26.
2
What is the remainder when 4869722 is divided by 695672?
18
What is the remainder when 15762987 is divided by 186?
45
What is the remainder when 31446984 is divided by 20895?
9
What is the remainder when 496678708 is divided by 6606?
6598
Calculate the remainder when 21338402 is divided by 4249.
4173
Calculate the remainder when 4180470 is divided by 70.
0
Calculate the remainder when 451008 is divided by 3068.
12
What is the remainder when 563049197 is divided by 18?
17
What is the remainder when 306070 is divided by 104?
102
What is the remainder when 19320 is divided by 749?
595
Calculate the remainder when 1595277244 is divided by 102.
100
What is the remainder when 4508379 is divided by 733?
429
What is the remainder when 23306773 is divided by 23?
22
Calculate the remainder when 583797058 is divided by 231.
229
What is the remainder when 523411 is divided by 1931?
110
What is the remainder when 383632 is divided by 11621?
139
Calculate the remainder when 20905 is divided by 3751.
2150
What is the remainder when 175507 is divided by 43850?
107
Calculate the remainder when 456954 is divided by 45694.
14
Calculate the remainder when 247886 is divided by 589.
506
What is the remainder when 33452611 is divided by 6712?
3
Calculate the remainder when 3452705 is divided by 11586.
77
Calculate the remainder when 17347957 is divided by 5782651.
4
What is the remainder when 250806 is divided by 589?
481
What is the remainder when 1116700 is divided by 30181?
3
What is the remainder when 3306576 is divided by 264?
240
What is the remainder when 466420 is divided by 31079?
235
Calculate the remainder when 7462842 is divided by 72.
42
Calculate the remainder when 25007578 is divided by 61.
18
What is the remainder when 91364 is divided by 121?
9
Calculate the remainder when 15216184 is divided by 131174.
0
Calculate the remainder when 1240876 is divided by 3400.
3276
Calculate the remainder when 280968 is divided by 463.
390
Calculate the remainder when 33111287 is divided by 122.
121
What is the remainder when 8283957 is divided by 24?
21
What is the remainder when 28618153 is divided by 274?
223
What is the remainder when 8076922 is divided by 1859?
1426
Calculate the remainder when 47017130 is divided by 25862.
14
What is the remainder when 5890796 is divided by 11483?
17
What is the remainder when 608138 is divided by 487?
362
What is the remainder when 4863489 is divided by 55901?
102
What is the remainder when 274755 is divided by 169?
130
What is the remainder when 28320 is divided by 231?
138
Calculate the remainder when 20733918 is divided by 633.
3
Calculate the remainder when 7218640 is divided by 428.
420
Calculate the remainder when 23365358 is divided by 2942.
2936
What is the remainder when 2809207 is divided by 56184?
7
What is the remainder when 1045836 is divided by 710?
6
Calculate the remainder when 19434879 is divided by 27.
9
Calculate the remainder when 4723345 is divided by 173.
99
Calculate the remainder when 41611228 is divided by 711.
664
Calculate the remainder when 55469144 is divided by 23.
21
What is the remainder when 1673684 is divided by 24247?
641
What is the remainder when 1884974 is divided by 4293?
347
Calculate the remainder when 76603736 is divided by 1439.
10
Calculate the remainder when 66398421 is divided by 80.
21
What is the remainder when 350611 is divided by 5790?
3211
What is the remainder when 282767 is divided by 13424?
863
What is the remainder when 20696948 is divided by 273?
272
Calculate the remainder when 243941033 is divided by 219.
218
Calculate the remainder when 32061 is divided by 213.
111
Calculate the remainder when 148450 is divided by 73981.
488
Calculate the remainder when 1441268 is divided by 300.
68
Calculate the remainder when 862667 is divided by 10151.
9983
What is the remainder when 518239018 is divided by 7215?
7213
What is the remainder when 775581 is divided by 110796?
9
Calculate the remainder when 14465 is divided by 1840.
1585
Calculate the remainder when 399278 is divided by 184.
182
Calculate the remainder when 92859 is divided by 300.
159
What is the remainder when 280657 is divided by 140252?
153
What is the remainder when 2522743826 is divided by 177?
173
What is the remainder when 4290514 is divided by 449?
319
Calculate the remainder when 2259642 is divided by 2259633.
9
What is the remainder when 465194 is divided by 465146?
48
What is the remainder when 2520510 is divided by 180029?
104
What is the remainder when 952767 is divided by 1604?
1595
What is the remainder when 15412 is divided by 7702?
8
What is the remainder when 38191 is divided by 2930?
101
What is the remainder when 20213189 is divided by 33?
29
What is the remainder when 423633 is divided by 3026?
3019
Calculate the remainder when 4109076 is divided by 39.
36
What is the remainder when 5091731 is divided by 1519?
43
What is the remainder when 541576679 is divided by 180525559?
2
Calculate the remainder when 11904945 is divided by 747.
6
What is the remainder when 32422 is divided by 1214?
858
What is the remainder when 10780873 is divided by 125?
123
Calculate the remainder when 7629514 is divided by 92.
46
What is the remainder when 259363 is divided by 1076?
47
Calculate the remainder when 3781054 is divided by 6989.
5
What is the remainder when 290153 is divided by 332?
317
What is the remainder when 3025079 is divided by 3161?
2
Calculate the remainder when 9930613 is divided by 2474.
2451
Calculate the remainder when 139780 is divided by 3594.
3208
What is the remainder when 1854274 is divided by 61797?
364
What is the remainder when 63797 is divided by 21112?
461
What is the remainder when 5653667 is divided by 706684?
195
Calculate the remainder when 27911 is divided by 934.
825
What is the remainder when 1638157 is divided by 544780?
3817
What is the remainder when 7480063 is divided by 1387?
1359
What is the remainder when 2682288 is divided by 103137?
726
What is the remainder when 2096909 is divided by 299557?
10
Calculate the remainder when 15799028 is divided by 171.
167
Calculate the remainder when 6521953 is divided by 28.
25
What is the remainder when 112409 is divided by 12997?
8433
What is the remainder when 4611916 is divided by 12705?
1
What is the remainder when 3862594 is divided by 6427?
6394
Calculate the remainder when 14708464 is divided by 35787.
7
Calculate the remainder when 100180635 is divided by 508.
495
What is the remainder when 48431545 is divided by 64?
57
Calculate the remainder when 4401122 is divided by 47.
42
Calculate the remainder when 1120081 is divided by 5744.
1
What is the remainder when 2025050 is divided by 557?
355
What is the remainder when 321425 is divided by 107118?
71
What is the remainder when 61872001 is divided by 3246?
3241
What is the remainder when 139094 is divided by 12578?
736
What is the remainder when 1002829 is divided by 1885?
9
Calculate the remainder when 742390 is divided by 823.
44
What is the remainder when 6261646 is divided by 9?
4
What is the remainder when 1274 is divided by 349?
227
What is the remainder when 169642 is divided by 437?
86
What is the remainder when 258220 is divided by 456?
124
What is the remainder when 6562319 is divided by 766?
763
What is the remainder when 10428581 is divided by 17?
16
Calculate the remainder when 41159 is divided by 276.
35
What is the remainder when 72606 is divided by 562?
108
What is the remainder when 271407436 is divided by 1346?
1342
What is the remainder when 3470201 is divided by 1324?
1321
Calculate the remainder when 29337328 is divided by 1045.
1043
What is the remainder when 1682338 is divided by 660?
658
Calculate the remainder when 532846 is divided by 24220.
6
Calculate the remainder when 62016 is divided by 7663.
712
What is the remainder when 33355010 is divided by 2409?
2405
Calculate the remainder when 771694 is divided by 15.
4
Calculate the remainder wh